{"id":12,"date":"2011-05-06T12:51:59","date_gmt":"2011-05-06T11:51:59","guid":{"rendered":"http:\/\/www.observatoriodelainfancia.es\/caam\/?page_id=12"},"modified":"2016-04-25T12:27:44","modified_gmt":"2016-04-25T11:27:44","slug":"formulario-de-contacto","status":"publish","type":"page","link":"https:\/\/www.observatoriodelainfancia.es\/caam\/formulario-de-contacto\/","title":{"rendered":"Contacto"},"content":{"rendered":"<p>Consejo Andaluz de Asuntos de Menores<br \/> Consejer\u00eda de Igualdad y Pol\u00edticas Sociales<br \/> Avda. de Hytasa, 14. 41071 Sevilla<\/p>\n<p>Tel\u00e9fono: 955 048000<br \/> Fax: 955 048234<\/p>\n<p>Correo electr\u00f3nico: <a href=\"mailto:martam.castaneda@juntadeandalucia.es\">martam.castaneda@juntadeandalucia.es<\/a><\/p>\n","protected":false},"excerpt":{"rendered":"<p>Consejo Andaluz de Asuntos de Menores Consejer\u00eda de Igualdad y Pol\u00edticas Sociales Avda. de Hytasa, 14. 41071 Sevilla Tel\u00e9fono: 955 048000 Fax: 955 048234 Correo electr\u00f3nico: martam.castaneda@juntadeandalucia.es<\/p>\n","protected":false},"author":1,"featured_media":0,"parent":0,"menu_order":6,"comment_status":"closed","ping_status":"closed","template":"","meta":[],"_links":{"self":[{"href":"https:\/\/www.observatoriodelainfancia.es\/caam\/wp-json\/wp\/v2\/pages\/12"}],"collection":[{"href":"https:\/\/www.observatoriodelainfancia.es\/caam\/wp-json\/wp\/v2\/pages"}],"about":[{"href":"https:\/\/www.observatoriodelainfancia.es\/caam\/wp-json\/wp\/v2\/types\/page"}],"author":[{"embeddable":true,"href":"https:\/\/www.observatoriodelainfancia.es\/caam\/wp-json\/wp\/v2\/users\/1"}],"replies":[{"embeddable":true,"href":"https:\/\/www.observatoriodelainfancia.es\/caam\/wp-json\/wp\/v2\/comments?post=12"}],"version-history":[{"count":8,"href":"https:\/\/www.observatoriodelainfancia.es\/caam\/wp-json\/wp\/v2\/pages\/12\/revisions"}],"predecessor-version":[{"id":489,"href":"https:\/\/www.observatoriodelainfancia.es\/caam\/wp-json\/wp\/v2\/pages\/12\/revisions\/489"}],"wp:attachment":[{"href":"https:\/\/www.observatoriodelainfancia.es\/caam\/wp-json\/wp\/v2\/media?parent=12"}],"curies":[{"name":"wp","href":"https:\/\/api.w.org\/{rel}","templated":true}]}}